{"id":91,"date":"2023-01-03T14:10:37","date_gmt":"2023-01-03T13:10:37","guid":{"rendered":"https:\/\/www.vollblut-handwerker.de\/?page_id=91"},"modified":"2023-01-27T14:22:05","modified_gmt":"2023-01-27T13:22:05","slug":"mit-der-zeit-gehen","status":"publish","type":"page","link":"https:\/\/www.vollblut-handwerker.de\/?page_id=91","title":{"rendered":"Mit der Zeit gehen"},"content":{"rendered":"<p><strong>Auch wir gehen mit der Zeit.<\/strong><\/p>\n<p>Eine Energiewende ist zum Schutz des Klimas und somit f\u00fcr uns alle wichtig.<\/p>\n<p>Deshalb erweitern wir unseren T\u00e4tigkeitsbereich.<\/p>\n<p>Ausarbeitung von einem funktionierendem Konzept individuell auf Ihre Gegebenheiten.<\/p>\n<p>Einbau einer W\u00e4rmepumpe von den verschiedensten Hersteller wie zum Beispiel MTec, Viessmann, Vaillant, Bosch, Buderus, Daikin.<\/p>\n<p>Demontage\/Entsorgung Ihrer alten Heizungsanlage (Festbrennstoff\/Gas\/\u00d6l).<\/p>\n<p>Der Einbau einer W\u00e4rmepumpe ist von Ihnen ein Teil ihrer M\u00f6glichkeiten zum Klimaschutz.<br \/>\nDie W\u00e4rmepumpe ben\u00f6tigt allerdings mehr Strom als Ihre urspr\u00fcngliche Heizungsanlage.<br \/>\nNun besteht die M\u00f6glichkeit, dass Sie Ihren Strom selbst zum Teil oder auch bis hin zur vollst\u00e4ndigen Eigenversorgung erzeugen k\u00f6nnen.<br \/>\nDies ist von Ihren \u00f6rtlichen Gegebenheiten, Dachfl\u00e4chen f\u00fcr Solarpanele, R\u00e4umlichkeiten f\u00fcr Batteriesysteme zur Speicherung der erzeugten Energie abh\u00e4ngig.<\/p>\n<p>Gerne nehmen wir einen Vororttermin bei Ihnen wahr, um mit Ihnen alle M\u00f6glichkeiten zu besprechen. <\/p>\n<p>Hinterlassen Sie uns diesbez\u00fcglich \u00fcber das <a href=\"https:\/\/www.vollblut-handwerker.de\/?page_id=38\">Kontaktfomular<\/a> eine Nachricht und ein Kollege wird sich zeitnah bei Ihnen zur\u00fcckmelden oder kontaktieren Sie uns direkt \u00fcber unsere Mobilfunknummer<script>document.write(unescape(\"%A0+49%20%280%29%2017678527988\"));<\/script>. <\/p>\n","protected":false},"excerpt":{"rendered":"<p>Auch wir gehen mit der Zeit. Eine Energiewende ist zum Schutz des Klimas und somit f\u00fcr uns alle wichtig. Deshalb erweitern wir unseren T\u00e4tigkeitsbereich. Ausarbeitung von einem funktionierendem Konzept individuell auf Ihre Gegebenheiten. Einbau einer W\u00e4rmepumpe von den verschiedensten Hersteller wie zum Beispiel MTec, Viessmann, Vaillant, Bosch, Buderus, Daikin. Demontage\/Entsorgung Ihrer alten Heizungsanlage (Festbrennstoff\/Gas\/\u00d6l). Der [&hellip;]<\/p>\n","protected":false},"author":1,"featured_media":0,"parent":20,"menu_order":0,"comment_status":"closed","ping_status":"closed","template":"","meta":{"_crdt_document":"","_monsterinsights_skip_tracking":false,"_monsterinsights_sitenote_active":false,"_monsterinsights_sitenote_note":"","_monsterinsights_sitenote_category":0,"footnotes":""},"class_list":["post-91","page","type-page","status-publish","hentry"],"aioseo_notices":[],"yoast_head":"<!-- This site is optimized with the Yoast SEO plugin v27.4 - https:\/\/yoast.com\/product\/yoast-seo-wordpress\/ -->\n<title>Mit der Zeit gehen - Vollblut-Handwerker<\/title>\n<meta name=\"robots\" content=\"index, follow, max-snippet:-1, max-image-preview:large, max-video-preview:-1\" \/>\n<link rel=\"canonical\" href=\"https:\/\/www.vollblut-handwerker.de\/?page_id=91\" \/>\n<meta property=\"og:locale\" content=\"de_DE\" \/>\n<meta property=\"og:type\" content=\"article\" \/>\n<meta property=\"og:title\" content=\"Mit der Zeit gehen - Vollblut-Handwerker\" \/>\n<meta property=\"og:description\" content=\"Auch wir gehen mit der Zeit. Eine Energiewende ist zum Schutz des Klimas und somit f\u00fcr uns alle wichtig. Deshalb erweitern wir unseren T\u00e4tigkeitsbereich. Ausarbeitung von einem funktionierendem Konzept individuell auf Ihre Gegebenheiten. Einbau einer W\u00e4rmepumpe von den verschiedensten Hersteller wie zum Beispiel MTec, Viessmann, Vaillant, Bosch, Buderus, Daikin. Demontage\/Entsorgung Ihrer alten Heizungsanlage (Festbrennstoff\/Gas\/\u00d6l). Der [&hellip;]\" \/>\n<meta property=\"og:url\" content=\"https:\/\/www.vollblut-handwerker.de\/?page_id=91\" \/>\n<meta property=\"og:site_name\" content=\"Vollblut-Handwerker\" \/>\n<meta property=\"article:modified_time\" content=\"2023-01-27T13:22:05+00:00\" \/>\n<meta name=\"twitter:card\" content=\"summary_large_image\" \/>\n<meta name=\"twitter:label1\" content=\"Gesch\u00e4tzte Lesezeit\" \/>\n\t<meta name=\"twitter:data1\" content=\"1\u00a0Minute\" \/>\n<script type=\"application\/ld+json\" class=\"yoast-schema-graph\">{\"@context\":\"https:\\\/\\\/schema.org\",\"@graph\":[{\"@type\":\"WebPage\",\"@id\":\"https:\\\/\\\/www.vollblut-handwerker.de\\\/?page_id=91\",\"url\":\"https:\\\/\\\/www.vollblut-handwerker.de\\\/?page_id=91\",\"name\":\"Mit der Zeit gehen - Vollblut-Handwerker\",\"isPartOf\":{\"@id\":\"https:\\\/\\\/www.vollblut-handwerker.de\\\/#website\"},\"datePublished\":\"2023-01-03T13:10:37+00:00\",\"dateModified\":\"2023-01-27T13:22:05+00:00\",\"breadcrumb\":{\"@id\":\"https:\\\/\\\/www.vollblut-handwerker.de\\\/?page_id=91#breadcrumb\"},\"inLanguage\":\"de\",\"potentialAction\":[{\"@type\":\"ReadAction\",\"target\":[\"https:\\\/\\\/www.vollblut-handwerker.de\\\/?page_id=91\"]}]},{\"@type\":\"BreadcrumbList\",\"@id\":\"https:\\\/\\\/www.vollblut-handwerker.de\\\/?page_id=91#breadcrumb\",\"itemListElement\":[{\"@type\":\"ListItem\",\"position\":1,\"name\":\"Startseite\",\"item\":\"https:\\\/\\\/www.vollblut-handwerker.de\\\/\"},{\"@type\":\"ListItem\",\"position\":2,\"name\":\"\u00dcber uns\",\"item\":\"https:\\\/\\\/www.vollblut-handwerker.de\\\/\"},{\"@type\":\"ListItem\",\"position\":3,\"name\":\"Mit der Zeit gehen\"}]},{\"@type\":\"WebSite\",\"@id\":\"https:\\\/\\\/www.vollblut-handwerker.de\\\/#website\",\"url\":\"https:\\\/\\\/www.vollblut-handwerker.de\\\/\",\"name\":\"Vollblut-Handwerker\",\"description\":\"\",\"publisher\":{\"@id\":\"https:\\\/\\\/www.vollblut-handwerker.de\\\/#organization\"},\"potentialAction\":[{\"@type\":\"SearchAction\",\"target\":{\"@type\":\"EntryPoint\",\"urlTemplate\":\"https:\\\/\\\/www.vollblut-handwerker.de\\\/?s={search_term_string}\"},\"query-input\":{\"@type\":\"PropertyValueSpecification\",\"valueRequired\":true,\"valueName\":\"search_term_string\"}}],\"inLanguage\":\"de\"},{\"@type\":\"Organization\",\"@id\":\"https:\\\/\\\/www.vollblut-handwerker.de\\\/#organization\",\"name\":\"Vollblut-Handwerker\",\"url\":\"https:\\\/\\\/www.vollblut-handwerker.de\\\/\",\"logo\":{\"@type\":\"ImageObject\",\"inLanguage\":\"de\",\"@id\":\"https:\\\/\\\/www.vollblut-handwerker.de\\\/#\\\/schema\\\/logo\\\/image\\\/\",\"url\":\"https:\\\/\\\/www.vollblut-handwerker.de\\\/wp-content\\\/uploads\\\/2022\\\/05\\\/cropped-logo.png\",\"contentUrl\":\"https:\\\/\\\/www.vollblut-handwerker.de\\\/wp-content\\\/uploads\\\/2022\\\/05\\\/cropped-logo.png\",\"width\":810,\"height\":180,\"caption\":\"Vollblut-Handwerker\"},\"image\":{\"@id\":\"https:\\\/\\\/www.vollblut-handwerker.de\\\/#\\\/schema\\\/logo\\\/image\\\/\"}}]}<\/script>\n<!-- \/ Yoast SEO plugin. -->","yoast_head_json":{"title":"Mit der Zeit gehen - Vollblut-Handwerker","robots":{"index":"index","follow":"follow","max-snippet":"max-snippet:-1","max-image-preview":"max-image-preview:large","max-video-preview":"max-video-preview:-1"},"canonical":"https:\/\/www.vollblut-handwerker.de\/?page_id=91","og_locale":"de_DE","og_type":"article","og_title":"Mit der Zeit gehen - Vollblut-Handwerker","og_description":"Auch wir gehen mit der Zeit. Eine Energiewende ist zum Schutz des Klimas und somit f\u00fcr uns alle wichtig. Deshalb erweitern wir unseren T\u00e4tigkeitsbereich. Ausarbeitung von einem funktionierendem Konzept individuell auf Ihre Gegebenheiten. Einbau einer W\u00e4rmepumpe von den verschiedensten Hersteller wie zum Beispiel MTec, Viessmann, Vaillant, Bosch, Buderus, Daikin. Demontage\/Entsorgung Ihrer alten Heizungsanlage (Festbrennstoff\/Gas\/\u00d6l). Der [&hellip;]","og_url":"https:\/\/www.vollblut-handwerker.de\/?page_id=91","og_site_name":"Vollblut-Handwerker","article_modified_time":"2023-01-27T13:22:05+00:00","twitter_card":"summary_large_image","twitter_misc":{"Gesch\u00e4tzte Lesezeit":"1\u00a0Minute"},"schema":{"@context":"https:\/\/schema.org","@graph":[{"@type":"WebPage","@id":"https:\/\/www.vollblut-handwerker.de\/?page_id=91","url":"https:\/\/www.vollblut-handwerker.de\/?page_id=91","name":"Mit der Zeit gehen - Vollblut-Handwerker","isPartOf":{"@id":"https:\/\/www.vollblut-handwerker.de\/#website"},"datePublished":"2023-01-03T13:10:37+00:00","dateModified":"2023-01-27T13:22:05+00:00","breadcrumb":{"@id":"https:\/\/www.vollblut-handwerker.de\/?page_id=91#breadcrumb"},"inLanguage":"de","potentialAction":[{"@type":"ReadAction","target":["https:\/\/www.vollblut-handwerker.de\/?page_id=91"]}]},{"@type":"BreadcrumbList","@id":"https:\/\/www.vollblut-handwerker.de\/?page_id=91#breadcrumb","itemListElement":[{"@type":"ListItem","position":1,"name":"Startseite","item":"https:\/\/www.vollblut-handwerker.de\/"},{"@type":"ListItem","position":2,"name":"\u00dcber uns","item":"https:\/\/www.vollblut-handwerker.de\/"},{"@type":"ListItem","position":3,"name":"Mit der Zeit gehen"}]},{"@type":"WebSite","@id":"https:\/\/www.vollblut-handwerker.de\/#website","url":"https:\/\/www.vollblut-handwerker.de\/","name":"Vollblut-Handwerker","description":"","publisher":{"@id":"https:\/\/www.vollblut-handwerker.de\/#organization"},"potentialAction":[{"@type":"SearchAction","target":{"@type":"EntryPoint","urlTemplate":"https:\/\/www.vollblut-handwerker.de\/?s={search_term_string}"},"query-input":{"@type":"PropertyValueSpecification","valueRequired":true,"valueName":"search_term_string"}}],"inLanguage":"de"},{"@type":"Organization","@id":"https:\/\/www.vollblut-handwerker.de\/#organization","name":"Vollblut-Handwerker","url":"https:\/\/www.vollblut-handwerker.de\/","logo":{"@type":"ImageObject","inLanguage":"de","@id":"https:\/\/www.vollblut-handwerker.de\/#\/schema\/logo\/image\/","url":"https:\/\/www.vollblut-handwerker.de\/wp-content\/uploads\/2022\/05\/cropped-logo.png","contentUrl":"https:\/\/www.vollblut-handwerker.de\/wp-content\/uploads\/2022\/05\/cropped-logo.png","width":810,"height":180,"caption":"Vollblut-Handwerker"},"image":{"@id":"https:\/\/www.vollblut-handwerker.de\/#\/schema\/logo\/image\/"}}]}},"_links":{"self":[{"href":"https:\/\/www.vollblut-handwerker.de\/index.php?rest_route=\/wp\/v2\/pages\/91","targetHints":{"allow":["GET"]}}],"collection":[{"href":"https:\/\/www.vollblut-handwerker.de\/index.php?rest_route=\/wp\/v2\/pages"}],"about":[{"href":"https:\/\/www.vollblut-handwerker.de\/index.php?rest_route=\/wp\/v2\/types\/page"}],"author":[{"embeddable":true,"href":"https:\/\/www.vollblut-handwerker.de\/index.php?rest_route=\/wp\/v2\/users\/1"}],"replies":[{"embeddable":true,"href":"https:\/\/www.vollblut-handwerker.de\/index.php?rest_route=%2Fwp%2Fv2%2Fcomments&post=91"}],"version-history":[{"count":6,"href":"https:\/\/www.vollblut-handwerker.de\/index.php?rest_route=\/wp\/v2\/pages\/91\/revisions"}],"predecessor-version":[{"id":103,"href":"https:\/\/www.vollblut-handwerker.de\/index.php?rest_route=\/wp\/v2\/pages\/91\/revisions\/103"}],"up":[{"embeddable":true,"href":"https:\/\/www.vollblut-handwerker.de\/index.php?rest_route=\/wp\/v2\/pages\/20"}],"wp:attachment":[{"href":"https:\/\/www.vollblut-handwerker.de\/index.php?rest_route=%2Fwp%2Fv2%2Fmedia&parent=91"}],"curies":[{"name":"wp","href":"https:\/\/api.w.org\/{rel}","templated":true}]}}